{"id":2621,"date":"2016-04-12T17:40:51","date_gmt":"2016-04-12T20:40:51","guid":{"rendered":"http:\/\/mecengenharia.net.br\/site\/?page_id=2621"},"modified":"2016-04-19T14:12:15","modified_gmt":"2016-04-19T17:12:15","slug":"portfolio","status":"publish","type":"page","link":"https:\/\/mecengenharia.net.br\/site\/portfolio\/","title":{"rendered":"Portfolio"},"content":{"rendered":"[vc_row type=&#8221;in_container&#8221; bg_color=&#8221;#ffffff&#8221; scene_position=&#8221;center&#8221; text_color=&#8221;dark&#8221; text_align=&#8221;left&#8221; overlay_strength=&#8221;0.3&#8243;][vc_column column_padding=&#8221;no-extra-padding&#8221; column_padding_position=&#8221;all&#8221; background_color_opacity=&#8221;1&#8243; background_hover_color_opacity=&#8221;1&#8243; width=&#8221;1\/1&#8243;]<div class=\"tabbed vc_clearfix\"><ul><li><a href=\"#1460636819580-9\">OBRAS \/ FOTOS<\/a><\/li>\n<li><a href=\"#1460639261254-5\">CLIENTES<\/a><\/li><\/ul><div id=\"1460636819580-9\"><div class=\"divider-wrap\" data-alignment=\"default\"><div style=\"height: 30px;\" class=\"divider\"><\/div><\/div>[vc_column_text css=&#8221;.vc_custom_1460660511258{margin-left: 50px !important;}&#8221;]\n<h2>Clique na categoria e confira fotos de nossos servi\u00e7os<\/h2>\n[\/vc_column_text]<div class=\"divider-wrap\" data-alignment=\"default\"><div style=\"height: 30px;\" class=\"divider\"><\/div><\/div>[vc_column_text css=&#8221;.vc_custom_1461085928735{margin-left: 100px !important;}&#8221;]\n<ul>\n<li>\n<h4><a href=\"http:\/\/mecengenharia.net.br\/site\/instalacao-e-conversao-de-gas-natural-residencial-e-comercial\/\">Instala\u00e7\u00e3o e Convers\u00e3o de G\u00e1s Natural Residencial e Comercial<\/a><\/h4>\n<\/li>\n<li>\n<h4><a href=\"http:\/\/mecengenharia.net.br\/site\/construcao-montagem-e-soldagem-dutos-e-estacoes-de-gas-natural\/\">Constru\u00e7\u00e3o, Montagem e Soldagem Dutos e Esta\u00e7\u00f5es de G\u00e1s Natural<\/a><\/h4>\n<\/li>\n<li>\n<h4><a href=\"http:\/\/mecengenharia.net.br\/site\/construcao-montagem-e-testes-de-estanqueidade-de-ramais-internos-de-gas-combustivel\/\">Constru\u00e7\u00e3o, Montagem e Testes de Estanqueidade de Ramais Internos de G\u00e1s Combust\u00edvel<\/a><\/h4>\n<\/li>\n<li>\n<h4><a href=\"http:\/\/mecengenharia.net.br\/site\/montagem-manutencao-e-pintura-industrial-de-estruturas-plataformas-escadas-e-guarda-corpos\/\">Montagem, Manuten\u00e7\u00e3o e Pintura Industrial de Estruturas, Plataformas, Escadas e Guarda Corpos<\/a><\/h4>\n<\/li>\n<li>\n<h4><a href=\"http:\/\/mecengenharia.net.br\/site\/inspecoes-e-ensaios-nao-destrutivos-de-solda\/\">Inspe\u00e7\u00f5es e Ensaios N\u00e3o-Destrutivos de Solda<\/a><\/h4>\n<\/li>\n<li>\n<h4><a href=\"http:\/\/mecengenharia.net.br\/site\/manutencao-montagem-e-soldagem-de-tubulacoes-e-valvulas-na-industria-petroquimica\/\">Manuten\u00e7\u00e3o, Montagem e Soldagem de Tubula\u00e7\u00f5es e V\u00e1lvulas na Ind\u00fastria Petroqu\u00edmica<\/a><\/h4>\n<\/li>\n<\/ul>\n[\/vc_column_text]<\/div>\n<div id=\"1460639261254-5\"><div class=\"divider-wrap\" data-alignment=\"default\"><div style=\"height: 30px;\" class=\"divider\"><\/div><\/div>[vc_row_inner top_padding=&#8221;3%&#8221; bottom_padding=&#8221;4%&#8221;][vc_column_inner column_padding=&#8221;no-extra-padding&#8221; column_padding_position=&#8221;all&#8221; background_color_opacity=&#8221;1&#8243; width=&#8221;1\/4&#8243;][vc_column_text css=&#8221;.vc_custom_1460666336535{margin-left: 20px !important;}&#8221;]\n<p style=\"text-align: center;\"><img loading=\"lazy\" decoding=\"async\" class=\"alignnone size-medium wp-image-2899\" src=\"http:\/\/mecengenharia.net.br\/site\/wp-content\/uploads\/2016\/04\/scgas.png\" alt=\"scgas\" width=\"262\" height=\"67\" \/><\/p>\n[\/vc_column_text][vc_column_text css=&#8221;.vc_custom_1460666343638{margin-left: 20px !important;}&#8221;]\n<p style=\"text-align: center;\"><img loading=\"lazy\" decoding=\"async\" class=\"alignnone size-full wp-image-2898\" src=\"http:\/\/mecengenharia.net.br\/site\/wp-content\/uploads\/2016\/04\/copagaz.png\" alt=\"copagaz\" width=\"174\" height=\"125\" \/><\/p>\n[\/vc_column_text][vc_column_text css=&#8221;.vc_custom_1460666351855{margin-left: 20px !important;}&#8221;]\n<p style=\"text-align: center;\"><img loading=\"lazy\" decoding=\"async\" class=\"alignnone size-medium wp-image-2913\" src=\"http:\/\/mecengenharia.net.br\/site\/wp-content\/uploads\/2016\/04\/poliutil.png\" alt=\"poliutil\" width=\"212\" height=\"76\" \/><\/p>\n[\/vc_column_text][vc_column_text css=&#8221;.vc_custom_1460666359966{margin-left: 20px !important;}&#8221;]\n<p style=\"text-align: center;\"><img loading=\"lazy\" decoding=\"async\" class=\"alignnone size-medium wp-image-2911\" src=\"http:\/\/mecengenharia.net.br\/site\/wp-content\/uploads\/2016\/04\/portinari.png\" alt=\"portinari\" width=\"236\" height=\"78\" \/><\/p>\n[\/vc_column_text][\/vc_column_inner][vc_column_inner column_padding=&#8221;no-extra-padding&#8221; column_padding_position=&#8221;all&#8221; background_color_opacity=&#8221;1&#8243; width=&#8221;1\/4&#8243;][vc_column_text]\n<p style=\"text-align: center;\"><img loading=\"lazy\" decoding=\"async\" class=\"alignnone size-medium wp-image-2907\" src=\"http:\/\/mecengenharia.net.br\/site\/wp-content\/uploads\/2016\/04\/sulgas.png\" alt=\"sulgas\" width=\"206\" height=\"114\" \/><\/p>\n[\/vc_column_text][vc_column_text]\n<p style=\"text-align: center;\"><img loading=\"lazy\" decoding=\"async\" class=\"alignnone size-medium wp-image-2902\" src=\"http:\/\/mecengenharia.net.br\/site\/wp-content\/uploads\/2016\/04\/angelgres.png\" alt=\"angelgres\" width=\"238\" height=\"85\" \/><\/p>\n[\/vc_column_text][vc_column_text]\n<p style=\"text-align: center;\"><img loading=\"lazy\" decoding=\"async\" class=\"alignnone size-medium wp-image-2901\" src=\"http:\/\/mecengenharia.net.br\/site\/wp-content\/uploads\/2016\/04\/ouro-preto.png\" alt=\"ouro preto\" width=\"240\" height=\"90\" \/><\/p>\n[\/vc_column_text][vc_column_text]\n<p style=\"text-align: center;\"><img loading=\"lazy\" decoding=\"async\" class=\"alignnone size-medium wp-image-2909\" src=\"http:\/\/mecengenharia.net.br\/site\/wp-content\/uploads\/2016\/04\/api.png\" alt=\"api\" width=\"213\" height=\"80\" \/><\/p>\n[\/vc_column_text][\/vc_column_inner][vc_column_inner column_padding=&#8221;no-extra-padding&#8221; column_padding_position=&#8221;all&#8221; background_color_opacity=&#8221;1&#8243; width=&#8221;1\/4&#8243;][vc_column_text]\n<p style=\"text-align: center;\"><img loading=\"lazy\" decoding=\"async\" class=\"alignnone size-medium wp-image-2906\" src=\"http:\/\/mecengenharia.net.br\/site\/wp-content\/uploads\/2016\/04\/scpar.png\" alt=\"scpar\" width=\"291\" height=\"88\" \/><\/p>\n[\/vc_column_text][vc_column_text]\n<p style=\"text-align: center;\"><img loading=\"lazy\" decoding=\"async\" class=\"alignnone size-medium wp-image-2904\" src=\"http:\/\/mecengenharia.net.br\/site\/wp-content\/uploads\/2016\/04\/elizabeth.png\" alt=\"elizabeth\" width=\"260\" height=\"88\" \/><\/p>\n[\/vc_column_text][vc_column_text]\n<p style=\"text-align: center;\"><img loading=\"lazy\" decoding=\"async\" class=\"alignnone size-medium wp-image-2912\" src=\"http:\/\/mecengenharia.net.br\/site\/wp-content\/uploads\/2016\/04\/cecrisa.png\" alt=\"cecrisa\" width=\"230\" height=\"95\" \/><\/p>\n[\/vc_column_text][vc_column_text]\n<p style=\"text-align: center;\"><img loading=\"lazy\" decoding=\"async\" class=\"alignnone size-medium wp-image-2908\" src=\"http:\/\/mecengenharia.net.br\/site\/wp-content\/uploads\/2016\/04\/promac.png\" alt=\"promac\" width=\"207\" height=\"79\" \/><\/p>\n[\/vc_column_text][\/vc_column_inner][vc_column_inner column_padding=&#8221;no-extra-padding&#8221; column_padding_position=&#8221;all&#8221; background_color_opacity=&#8221;1&#8243; width=&#8221;1\/4&#8243;][vc_column_text css=&#8221;.vc_custom_1460666368777{margin-right: 20px !important;}&#8221;]\n<p style=\"text-align: center;\"><img loading=\"lazy\" decoding=\"async\" class=\"alignnone size-medium wp-image-2905\" src=\"http:\/\/mecengenharia.net.br\/site\/wp-content\/uploads\/2016\/04\/nacional-gas.png\" alt=\"nacional gas\" width=\"284\" height=\"69\" \/><\/p>\n[\/vc_column_text][vc_column_text css=&#8221;.vc_custom_1460666378439{margin-right: 20px !important;}&#8221;]\n<p style=\"text-align: center;\"><img loading=\"lazy\" decoding=\"async\" class=\"alignnone size-medium wp-image-2903\" src=\"http:\/\/mecengenharia.net.br\/site\/wp-content\/uploads\/2016\/04\/consigaz.png\" alt=\"consigaz\" width=\"278\" height=\"58\" \/><\/p>\n[\/vc_column_text][vc_column_text css=&#8221;.vc_custom_1460666385568{margin-right: 20px !important;}&#8221;]\n<p style=\"text-align: center;\"><img loading=\"lazy\" decoding=\"async\" class=\"alignnone size-medium wp-image-2910\" src=\"http:\/\/mecengenharia.net.br\/site\/wp-content\/uploads\/2016\/04\/rigesa.png\" alt=\"rigesa\" width=\"258\" height=\"69\" \/><\/p>\n[\/vc_column_text][vc_column_text css=&#8221;.vc_custom_1460666393302{margin-right: 20px !important;}&#8221;]\n<p style=\"text-align: center;\"><img loading=\"lazy\" decoding=\"async\" class=\"alignnone wp-image-2900 size-full\" src=\"http:\/\/mecengenharia.net.br\/site\/wp-content\/uploads\/2016\/04\/elevacao.png\" alt=\"\" width=\"115\" height=\"115\" srcset=\"https:\/\/mecengenharia.net.br\/site\/wp-content\/uploads\/2016\/04\/elevacao.png 115w, https:\/\/mecengenharia.net.br\/site\/wp-content\/uploads\/2016\/04\/elevacao-50x50.png 50w, https:\/\/mecengenharia.net.br\/site\/wp-content\/uploads\/2016\/04\/elevacao-100x100.png 100w\" sizes=\"(max-width: 115px) 100vw, 115px\" \/><\/p>\n[\/vc_column_text][\/vc_column_inner][\/vc_row_inner]<\/div><\/div>\n[\/vc_column][\/vc_row]\n","protected":false},"excerpt":{"rendered":"<p>[vc_row type=&#8221;in_container&#8221; bg_color=&#8221;#ffffff&#8221; scene_position=&#8221;center&#8221; text_color=&#8221;dark&#8221; text_align=&#8221;left&#8221; overlay_strength=&#8221;0.3&#8243;][vc_column column_padding=&#8221;no-extra-padding&#8221; column_padding_position=&#8221;all&#8221; background_color_opacity=&#8221;1&#8243; background_hover_color_opacity=&#8221;1&#8243; width=&#8221;1\/1&#8243;][\/vc_column][\/vc_row]<\/p>\n","protected":false},"author":1,"featured_media":0,"parent":0,"menu_order":0,"comment_status":"closed","ping_status":"closed","template":"","meta":{"footnotes":""},"_links":{"self":[{"href":"https:\/\/mecengenharia.net.br\/site\/wp-json\/wp\/v2\/pages\/2621"}],"collection":[{"href":"https:\/\/mecengenharia.net.br\/site\/wp-json\/wp\/v2\/pages"}],"about":[{"href":"https:\/\/mecengenharia.net.br\/site\/wp-json\/wp\/v2\/types\/page"}],"author":[{"embeddable":true,"href":"https:\/\/mecengenharia.net.br\/site\/wp-json\/wp\/v2\/users\/1"}],"replies":[{"embeddable":true,"href":"https:\/\/mecengenharia.net.br\/site\/wp-json\/wp\/v2\/comments?post=2621"}],"version-history":[{"count":32,"href":"https:\/\/mecengenharia.net.br\/site\/wp-json\/wp\/v2\/pages\/2621\/revisions"}],"predecessor-version":[{"id":2762,"href":"https:\/\/mecengenharia.net.br\/site\/wp-json\/wp\/v2\/pages\/2621\/revisions\/2762"}],"wp:attachment":[{"href":"https:\/\/mecengenharia.net.br\/site\/wp-json\/wp\/v2\/media?parent=2621"}],"curies":[{"name":"wp","href":"https:\/\/api.w.org\/{rel}","templated":true}]}}